r = -4*p + z, -5*r = -2*p - 7 + 1. Determine w(p).
12
Let l(d) = -7*d**2 + 12*d. Let i(c) = -28*c**2 + 52*c. Let k(a) = -6*i(a) + 26*l(a). Let r(p) = -p. Let f be r(-2). Suppose -f*q = -q - 1. Calculate k(q).
-14
Let i(s) = 34*s + 3*s**3 - 13*s + 35*s + 4 - 60*s. Give i(2).
20
Let b(t) be the third derivative of -t**5/60 - 4*t**3/3 + 23*t**2. Let j = 4 + -8. Let p = 4 + j. What is b(p)?
-8
Let j be 5/(5/48)*1. Let q = 50 - j. Let y be -1*((-37)/(-5) - q/5). Let b(d) = -d**3 - 7*d**2 - 2*d - 1. Determine b(y).
13
Let n be (-31 - 2754/(-90))*-1*2*(-50)/(-5). Let h(t) = t**3 - 7*t**2 - 13*t + 1. Let m(y) = y**3 - 7*y**2 - 14*y. Let g(a) = 5*h(a) - 4*m(a). Determine g(n).
-3
Let h be 36/(-60) + (-2)/5. Let n be h/(-1*4/32). Let t(p) = p**3 - 9*p**2 + 7*p + 4. Calculate t(n).
-4
Suppose -14 + 50 = 4*y. Suppose t + 6 = -y. Let j be (2/t*-6)/(1/(-5)). Let g(l) = l**2 + 5*l - 3. Calculate g(j).
-7
Let t(l) = 3*l - 19. Let y(j) = 2*j**2 - 3*j + 3. Let s be y(2). Let a be t(s). Let v(m) = 9*m - 9. Let d(n) = 4*n - 4. Let o(r) = 7*d(r) - 3*v(r). Give o(a).
-5
Suppose 13*q - 11*q = n - 1, 14 = -n + 5*q. Let h(p) = p**3 - 12*p**2 + 11*p - 10. What is h(n)?
-10
Let p be -2 - (-33)/((-231)/(-70)). Let n(q) = -4*q - 4. Calculate n(p).
-36
Let c(f) be the second derivative of 11*f**4/2 + f**3/6 - f**2/2 + 276*f. Determine c(1).
66
Suppose -4*o + 2*r + 18 = 0, -4*o + 5 = o + r. Let c(b) = 81*b - 41*b - 39*b - o. Determine c(4).
2
Let a(p) = -37*p**2 - 77*p - 4. Let d be a(-2). Let n(w) = -w**2 + w + 2. What is n(d)?
0
Let z(x) = 99*x - 4658. Let g be z(47). Let n(b) = b + 1. Let i(o) = o**2 + 11*o - 2. Let l(p) = -i(p) + 5*n(p). What is l(g)?
12
Let w(o) = -1341*o**3 + 13*o**2 + 25 - 3*o**2 + 9*o + 1340*o**3. Let n be w(11). Let x(u) = 2*u**2 + u - 4. Calculate x(n).
17
Let q(b) be the third derivative of 5*b**4/24 + 7*b**3/6 - 4*b**2. Let s be (-33)/(-60) + 13/65 + 30/(-8). Determine q(s).
-8
Let o(l) = -l**2 - 8. Suppose -c + 0 = 6. Let b(r) = -19 + 26 - 7*r + r**2 + 6*r. Let x(w) = c*b(w) - 5*o(w). What is x(7)?
-9
Let o(r) = -r**3 + 11*r**2 + 11*r + 17. Let z be (66/(-55))/((-6)/320). Suppose -19*k + 164 = -z. What is o(k)?
5
Let l(k) be the second derivative of 35*k - 1/20*k**5 + 0*k**4 + 3/2*k**2 + 0 + 2/3*k**3. Calculate l(-3).
18
Let x(n) = -5*n**3 + 2*n**2 - 3. Let y(f) = -21*f**3 + 41*f**2 + f - 44. Let t(w) = 4*x(w) - y(w). Calculate t(33).
-1
Suppose -5*j = -35, -12*u + 11*u = -2*j + 14. Let w(b) = -b**3 + b**2 + 4*b - 10. Calculate w(u).
-10
Let w(s) = -5 - 14*s - 7*s + s**2 - 12*s + 40*s - 17*s. Let z(p) = -p**2 - 8*p - 5. Let f be z(-4). Calculate w(f).
6
Let i(c) be the first derivative of -c**4/2 - 4*c**3/3 - 7*c**2 - 23*c - 13295. What is i(-2)?
5
Suppose -2*w - 125 = -a, -5*a + 2 - 7 = 0. Let q be ((-24)/9)/(6/w). Let u = q - 23. Let d(m) = -2*m + 7. Determine d(u).
-3
Let f(i) be the third derivative of -23*i**4/24 + 187*i**3/6 - i**2 + 1152*i. Calculate f(8).
3
Suppose -13 = -4*t + 15. Let a = 1052 - 1050. Suppose -t = 5*y - a. Let x(h) = 4*h**3 - 1. What is x(y)?
-5
Let h(m) = m**2 - 7*m + 17. Suppose 0 = -23*v + 26*v - 1533. Let g = v - 506. Calculate h(g).
7
Let m be (-1 - 4)/((-2)/2). Let f(x) = -m*x**2 + 4*x - x**3 + 0 - 3*x + 1. Suppose -75*o = -28*o + 235. Calculate f(o).
-4
Let c(o) = -o**2 + 17 - 80*o + 24*o + 22*o - 15 + 21*o. Give c(-14).
-12
Let a(b) = -2*b - 3. Let l = 7508 - 7507. What is a(l)?
-5
Let a(p) = p**2 - 6*p. Let q be (6 + -3)/((3/9)/1). Suppose -q*d + 3 = -42. Calculate a(d).
-5
Let j(k) = 4*k. Let s(n) = n**3 + 3*n**2 + 3*n. Let o = 38 + -41. Let c be s(o). Let h(w) = w + 10. Let l be h(c). Calculate j(l).
4
Let p(m) = -3*m + 3. Let f = -18 - -24. Suppose 0 = 5*n + 36 - f. Let k(d) = 2*d + 9. Let w be k(n). Calculate p(w).
12
Let z = -331 + 353. Let k(s) be the first derivative of s**2 - 47*s + 234. Give k(z).
-3
Let g(n) = -n**2 + 5*n - 1. Let i(l) = l + 20. Let o be i(5). Let u(a) = a**3 - a + 21. Let y be u(0). Let q = o - y. Calculate g(q).
3
Let m(x) = 10*x - 15*x + 26 + 10*x. Let v(y) = -3*y - 11. Let t(n) = 2*m(n) + 5*v(n). Determine t(-2).
7
Let m(g) = -4*g**2 + 64*g + 222. Let t be m(-3). Let o(b) = -b**3 - 4*b**2 + 9*b - 8. Determine o(t).
10
Let k(t) be the second derivative of t**5/20 + 5*t**4/12 + 2*t**3 + 29*t**2 - 4*t + 208. Determine k(-5).
-2
Let y be ((-1)/10*4)/((-2)/50). Let k(n) = -n**2 + 14*n - 3. Calculate k(y).
37
Let y(j) = -1. Let z(v) = 4 - 6 - 7 - v + 3*v. Let f be z(4). Let c(m) = -5*m - 4. Let g(l) = f*c(l) + 5*y(l). Give g(3).
14
Let x(l) be the second derivative of l**5/10 + 37*l**4/12 - 7*l**3/2 - 20*l**2 + 20*l + 29. Calculate x(-19).
-2
Let r(t) = t**3 - 20*t**2 + 17*t + 47. Let f be (19/(-4))/((-585)/36 - -16). Calculate r(f).
9
Suppose -101*q = -91*q - 20. Let p(g) = 5 - 2 - 6 + 0 + 5*g. Calculate p(q).
7
Let p(b) be the first derivative of 2*b**2 + 22*b + 1885. Give p(0).
22
Let h(y) = 74*y - 6. Suppose 2 = 3*z + i, -55*i + 5 = -54*i. Determine h(z).
-80
Let x(b) be the first derivative of b**3/3 + 5*b**2/2 - 30*b + 133. Let h(d) be the first derivative of x(d). Give h(-4).
-3
Let g(v) = -3*v - 6. Let i(z) = -3*z**2 + z + 26. Let u be i(-5). Let n be (u/45)/(9/(-30)). Suppose 0 = 2*x - 10, -r + 9 - n = 2*x. Give g(r).
9
Let w(d) = -2*d**3 - 5*d**2 - d + 2. Let j(m) = 4*m - 119. Let c(k) = 5*k - 118. Let i(y) = -3*c(y) + 2*j(y). Let u be i(17). Give w(u).
14
Let j(p) = 183*p - 1092. Let d be j(6). Let c be ((-14)/4 - -3)*-4. Let w(z) = 4*z**2 - 3*z**3 + c*z**3 + 2*z**2 - 1 - 2. What is w(d)?
-3
Let l(a) = a**2 + 21*a + 79. Let h(x) = 26*x + 1685. Let w be h(-65). What is l(w)?
-1
Let f = 8811 - 8815. Let m(u) = -u**3 - 8*u**2 - 9*u + 15. Give m(f).
-13
Let x be -3*((-6)/10)/(((-378)/30)/7). Let t(i) = -17*i**3 - 3*i**2 - 4*i - 2. Give t(x).
16
Let m(f) be the second derivative of f**7/840 + f**6/60 - f**5/15 - f**4/6 + f**3/2 - 5*f**2/2 - 47*f. Let y(v) be the second derivative of m(v). What is y(-7)?
3
Let t(y) = 2*y - 1. Suppose 2*d - 2*f - 12 = 0, -2*d - 5*f + 5 = -7. Let u be ((-3)/d)/((-13)/(-26)). Calculate t(u).
-3
Let i(m) be the second derivative of 0*m**2 + 21*m + 1 + 1/120*m**5 + 1/8*m**4 + 23/3*m**3. Let z(c) be the second derivative of i(c). Give z(4).
7
Let o(i) = -3*i - 3. Let m = -8572 - -8573. Calculate o(m).
-6
Suppose 0 = j - 46 + 47. Let z be -3 + (j - (3 - (-2)/2)). Let o(l) = -l**2 - 9*l - 15. Calculate o(z).
-7
Let a(t) = 5*t**2. Let h be ((-8)/(-6))/(395/(-135) - -3). Suppose -9*o - h = -27. Calculate a(o).
5
Let t(c) = -c**2 + 132*c - 4113. Let k be t(51). Let l(w) = -w**2 + 13*w + 97. What is l(k)?
7
Let a(j) be the first derivative of 7*j**4/4 - 13*j**2/2 + 3*j + 13. Let o(v) = -v**3 + v**2 + v. Let n(l) = a(l) + 6*o(l). What is n(-7)?
3
Let f(p) = -p**3 - 4*p**2 - p - 4. Suppose -5*l - 8 = -2*i, 5*l + 20 - 1 = -9*i. What is f(l)?
-10
Let x(a) = -12*a + 11. Let b(k) = 7*k - 5. Let p(z) = -13*b(z) - 6*x(z). Suppose -6*q + 5 = -7. Determine p(q).
-39
Let v(y) = -3*y**2 - 86*y - 4. Let u(c) = -11*c**2 - 736*c + 38. Let s be u(-67). Calculate v(s).
-33
Let s(v) = -2*v - 30. Let c be (68/8)/(29/(-58)). Determine s(c).
4
Let q(b) = -14*b**2 + 59*b + 158. Let u(t) = -4*t**2 + 19*t + 49. Let o(x) = -4*q(x) + 13*u(x). Determine o(-4).
25
Let o(v) be the first derivative of -v**4/3 - v**3/3 + v**2/2 - 84*v - 48. Let g(b) be the first derivative of o(b). Determine g(-2).
-11
Let r(z) = z**3 + 7*z**2 - 72*z - 514. Let b be r(-7). Let j(u) = u**2 + 11*u + 7. Determine j(b).
-3
Let a(s) = -6*s + 16. Suppose 600 = 2416*t - 2316*t. Give a(t).
-20
Let l(j) = -6*j**3 - 9*j**2 + 23. Let d(i) = 8 + 0*i**3 + 2*i**3 - 3*i**2 - 4*i**3 + 0*i**2. Let h(s) = 17*d(s) - 6*l(s). Give h(-2).
-6
Let h(z) = -z + 19. Let y be (-2)/5 + (-5566)/1210. Calculate h(y).
24
Suppose 0 = -82*k + 93 - 339. Let y(w) = -2*w - 14. What is y(k)?
-8
Let d(a) = -a. Let t(s) = -1. Let z(n) = d(n) + 3*t(n). Let l(g) = -g**2 + 21*g - 110. Let u be l(11). Determine z(u).
-3
Let c(n) be the third derivative of 0*n + 7/30*n**5 + 8/3*n**3 + 0 + 1/120*n**6 - 100*n**2 + 5/8*n**4. Determine c(-13).
-10
Let j(l) = -1 - 2*l - 4 + 1. Let o = -272 + 265. Give j(o).
10
Let m(f) be the first derivative of -1/2*f**2 - f - 89. Suppose -2*n + k - 16 = -4*k, 4*n + 16 = 2*k. Calculate m(n).
2
Let n(m) = -38*m - 46 